s divided by 7?
5
Suppose 4*b - 13 = -53. Calculate the remainder when (54/4)/(-3)*b is divided by 12.
9
Suppose -5*i + 44 = -56. Calculate the remainder when i is divided by 7.
6
Let b = -3 + 9. What is the remainder when 23 is divided by b?
5
What is the remainder when (94/(-8))/(2/(-8)) is divided by (-94)/(-8) - (-1)/4?
11
What is the remainder when 31 is divided by (22 - 0)*(-15)/(-30)?
9
Let o = -4 - -10. Calculate the remainder when o is divided by 2.
0
Let o = 197 - 116. What is the remainder when o is divided by 12?
9
Suppose -20 = 5*f, -n + 5*f + 13 = 3*f. Suppose 4*m - 97 = 3*k, 2*k - 44 = -m - 6. Let q = m + -20. Calculate the remainder when q is divided by n.
3
Suppose 2*v = 6, -2*v - 423 = -4*s - 133. What is the remainder when s is divided by 7?
4
Let h(t) = -t + 2. Let u be h(1). Let b = 11 - u. Calculate the remainder when 29 is divided by b.
9
Suppose 4*s - 94 = -7*y + 2*y, -3*s - 122 = -5*y. Calculate the remainder when y is divided by 6.
4
Calculate the remainder when 6/5 - 1 - (-1288)/35 is divided by 23.
14
Suppose 3*v = -h + 215, -3*h + 5*h = v - 74. Calculate the remainder when v is divided by 25.
22
Suppose -3*z = -2 - 13. What is the remainder when 134/10 + 8/(-20) is divided by z?
3
Let o = -90 + 131. Calculate the remainder when o is divided by 14.
13
Suppose 5*h = 2*h + 27. Let z be (-4 + 6)*(-25)/2. Let k = -8 - z. Calculate the remainder when k is divided by h.
8
Suppose -s = -5*s - 12. Suppose 5*o - 20 = 0, i = -0*i - o + 29. Let v = s + i. Calculate the remainder when v is divided by 8.
6
Let l be (1/(-1))/(4/(-4)). Let v be (l/(-2))/(4/(-32)). What is the remainder when 2/v + 414/12 is divided by 18?
17
Let a = -5 - -10. Let m(y) = -a + 5 - 8*y. Calculate the remainder when m(-1) is divided by 3.
2
Let i = 56 - -19. Calculate the remainder when i is divided by 16.
11
Suppose -2*c = c - 138. Let k(j) = -51*j**3 + j**2 + j. Let o be k(-1). Let g = o - 35. Calculate the remainder when c is divided by g.
14
Suppose 132 = 6*p - 5*p. Suppose i + i - p = 0. What is the remainder when i is divided by 17?
15
What is the remainder when 2708/60 - (-4)/(-30) is divided by 12?
9
Let c be (-225)/2 + (-1)/(-2). Let z = c - -157. Calculate the remainder when z is divided by 24.
21
Let c be -2*((-3)/2 + 0). Let u be (-1)/(c + 440/(-146)). Suppose -5*g + u = 8. What is the remainder when 51 is divided by g?
12
Let t = 20 + -12. Let p(l) = 3*l. Calculate the remainder when 45 is divided by p(t).
21
Let o(m) = m**3 + 2*m**2 + m. Let z be o(-1). Suppose z = 3*l + 4*b - 29, 0 = -0*l - 2*l - 5*b + 31. What is the remainder when 5 is divided by l?
2
Let b be 3 - (-254)/((-2)/(-1)). Suppose -4*d = 4*g - 252, -5*d + b = 2*g - d. Calculate the remainder when g is divided by 21.
19
Suppose 52 = 2*w + 4*i + i, 3*i = -3*w + 96. Let m(d) = d**2 + 4. Calculate the remainder when w is divided by m(-3).
10
Let p = -70 - -122. Calculate the remainder when p is divided by 7.
3
What is the remainder when 104 is divided by -1*-15*(1 - 0)?
14
Let u(c) = 2*c**2 + c - 4. Suppose 4*q + 5*w = 25, -2*q - 1 + 6 = w. What is the remainder when -2 - (2 - 36 - q) is divided by u(-3)?
10
Suppose 12 = 10*j - 9*j. What is the remainder when 46 is divided by j?
10
Let g = -39 - -27. Calculate the remainder when 40 is divided by ((-112)/g)/((-2)/(-3)).
12
Let q be (3/(-6))/((-2)/4). Let g be (0 - q)/(-1)*-178. Calculate the remainder when (-2)/(-7) - g/14 is divided by 7.
6
Let x be 80/6*(-9)/6. Let i = 33 + x. What is the remainder when i is divided by 7?
6
What is the remainder when 99 is divided by (-392)/(-21) + (-4)/(-3)?
19
Let w(y) = 9*y**2 + 4*y + 3. Suppose 0 = -r - 3*v + 2, 0 = -3*r + 3*v + 2*v + 34. Calculate the remainder when w(-2) is divided by r.
7
Suppose -12 = -3*c - 0*c. Suppose -2*b - k + c = -3, -k = -5*b + 7. Calculate the remainder when 7 is divided by b.
1
Let c be (-2)/(-2) + 0 + 3. Suppose c*h - 7 = 185. What is the remainder when 34 is divided by (-1)/(2/h*-2)?
10
Let c = 88 - 16. Calculate the remainder when c/(4 - 0) - 4 is divided by 8.
6
Let b(s) = -s**3 - 6*s**2 - 2*s - 13. Let f be b(-9). Suppose -8*n + 4*n + f = 0. Calculate the remainder when n is divided by 16.
14
Let y(o) = o**2 + 5*o + 9. Suppose 3*n = 32 + 100. What is the remainder when n is divided by y(-6)?
14
What is the remainder when 60 is divided by 70/4 - (-6)/(-4)?
12
Let o(v) = v**3 + 6*v**2 - 9*v - 9. Suppose -4*x + 0*x - 28 = 0. Suppose s - 4*s + 42 = 0. Calculate the remainder when s is divided by o(x).
4
Let r(y) = -2*y**2 - 8*y + 9. Let j be r(-8). Let i = 0 - 12. Let u = i - j. What is the remainder when u is divided by 15?
13
What is the remainder when 1 is divided by (-23)/(-46)*1*2?
0
Let h(r) = -r**2 + 12*r + 7. What is the remainder when h(8) is divided by 10?
9
Suppose -20*j + 177 = -623. Calculate the remainder when 197 is divided by j.
37
Let p(j) = -16*j - 2. Let m be p(-2). Suppose v + 4*v = m. Suppose -d - 34 = -5*q - 5*d, 0 = 2*q - 2*d - 28. What is the remainder when q is divided by v?
4
Suppose -3*y + 30 = 3*j, y + y - 14 = -4*j. What is the remainder when 51 is divided by y?
12
Suppose 0 + 15 = 5*u. Calculate the remainder when (0 + (-14)/4)*-2 is divided by u.
1
Let x(t) = t**3 + 9*t**2 - 10*t + 7. Let q be x(-10). Let n = q + 15. Calculate the remainder when n is divided by 8.
6
Let u(k) = -k + 14. What is the remainder when ((-11)/(-2))/(3/42) is divided by u(-6)?
17
Suppose 7*n = -4*i + 2*n - 136, -2*i - 38 = -5*n. Let o = 78 + i. Calculate the remainder when o is divided by 25.
24
Let f(h) = -2*h**3 - 6*h**2 - 3*h - 6. What is the remainder when f(-4) is divided by 13?
12
Let s(l) = 7*l + 18. Calculate the remainder when s(4) is divided by 16.
14
Suppose 13 - 1 = 3*c. Calculate the remainder when 5 is divided by c.
1
What is the remainder when 35 is divided by ((-18)/8)/(2/(-8))?
8
Let v(j) = j + 10. Let w = -7 + 11. What is the remainder when v(5) is divided by w?
3
Let h(l) = 28*l. What is the remainder when 81 is divided by h(1)?
25
Suppose k + 0*k - 4*r = 13, -4*k - 2*r + 16 = 0. Let w = 0 + k. Calculate the remainder when w is divided by 3.
2
Let j = 35 - 30. What is the remainder when 32 is divided by j?
2
Suppose 9 = 6*p - 9. Let a(x) = 8*x**3 - x**2 + x - 1. What is the remainder when a(1) is divided by p?
1
Let r = 153 + -82. Let j = -41 + r. Suppose -4*u + 59 = 15. What is the remainder when j is divided by u?
8
Let j = -486 + 703. What is the remainder when j is divided by 55?
52
Suppose x + 1 = 2*x. Let g = 14 - x. What is the remainder when g is divided by 7?
6
Suppose -p + 5*p = 84. Let c = -59 + 98. Suppose -5*y - u = -3*y - c, y + u - p = 0. What is the remainder when y is divided by 10?
8
Suppose 2*i - 3 = 5. Suppose i*m - 54 - 10 = 0. Calculate the remainder when m is divided by 6.
4
Suppose -4 = 2*j - 18. Let i = 3 - j. Calculate the remainder when 39 is divided by (-890)/(-45) - i/18.
19
Suppose 39*g = 29*g + 60. Calculate the remainder when 88 is divided by g.
4
Suppose 10 + 4 = 2*y. Let r = y + 10. What is the remainder when r is divided by 10?
7
Suppose -o = 4*o - 10. Suppose -o*c = c + n - 21, 0 = c - 4*n - 20. What is the remainder when c is divided by 5?
3
Let o = 24 - 8. What is the remainder when o is divided by 5?
1
Let h be (-20)/(-90) - (-11)/(-9). What is the remainder when (h/3)/((-2)/138) is divided by 13?
10
Suppose 2*l - 43 = l + z, 0 = 3*l - 5*z - 121. Calculate the remainder when l is divided by 16.
15
Suppose -4*c - 47 = -3*u, -2*c - 2 + 28 = 4*u. What is the remainder when u is divided by (4/(-7))/1 - 64/(-14)?
1
Let p(t) = -t**2 - 4*t - 1. Let m = -2 + -1. Let z be p(m). Suppose -z*q - 2*q = -152. Calculate the remainder when q is divided by 13.
12
Let r = 38 - 26. Let j = r + -4. Suppose 4*c = 2*p + 24, -p = -c - 2 + 9. Calculate the remainder when j is divided by c.
3
Suppose -10 = -o - 4*o, -3*o = -3*r + 6. What is the remainder when 13 is divided by (14 - 10) + r*1?
5
Let y = 0 + 3. Suppose -h = 4*f - 0*f - y, 0 = -f. Suppose r = -2*l - h*l + 35, 2*l - 14 = -2*r. Calculate the remainder when 19 is divided by l.
5
Let l = 120 - 103. What is the remainder when 30 is divided by l?
13
Let d(u) = -7*u - 1. Suppose -3*t + 2*t = -x - 16, t - 2*x = 11. What is the remainder when t is divided by d(-